of 6587 and 31053?
941
Calculate the greatest common factor of 48934 and 18208.
1138
What is the greatest common divisor of 1431 and 39591?
477
What is the highest common divisor of 2229 and 7940441?
743
What is the highest common divisor of 23664 and 6612?
348
What is the greatest common factor of 2350 and 10904?
94
Calculate the greatest common factor of 881011 and 6773.
521
Calculate the greatest common factor of 18361 and 65758.
427
Calculate the highest common divisor of 13455 and 4030.
65
Calculate the greatest common factor of 332750 and 250.
250
Calculate the highest common factor of 28 and 8424.
4
What is the highest common divisor of 963664 and 113?
113
Calculate the greatest common divisor of 50 and 130870.
10
Calculate the highest common factor of 134649 and 1719.
9
What is the highest common factor of 28120 and 120?
40
Calculate the greatest common factor of 24 and 2468964.
12
What is the highest common factor of 15720 and 600?
120
What is the highest common factor of 11 and 14168?
11
Calculate the highest common divisor of 280 and 26360.
40
Calculate the greatest common factor of 1350960 and 80.
80
What is the greatest common factor of 774 and 2248470?
774
Calculate the greatest common divisor of 2046324 and 136.
68
What is the greatest common factor of 10840 and 2360?
40
What is the highest common divisor of 180516 and 6754?
614
What is the greatest common factor of 2475232 and 32?
32
Calculate the greatest common divisor of 737 and 88574.
67
Calculate the highest common divisor of 575 and 185.
5
What is the highest common divisor of 1584 and 236?
4
What is the greatest common factor of 22 and 111522?
2
What is the greatest common factor of 5 and 101545?
5
Calculate the greatest common divisor of 350 and 3766.
14
What is the highest common divisor of 240 and 180?
60
What is the highest common divisor of 20 and 85520?
20
Calculate the greatest common divisor of 1684 and 252.
4
What is the highest common factor of 40188 and 36?
12
Calculate the greatest common divisor of 4833 and 162.
27
What is the highest common divisor of 27359 and 502?
251
Calculate the highest common factor of 18 and 29940.
6
What is the greatest common factor of 15876 and 1377?
81
Calculate the highest common divisor of 127 and 604774.
127
What is the greatest common divisor of 2632 and 22288?
56
Calculate the highest common factor of 128 and 500096.
128
Calculate the highest common divisor of 104 and 281944.
104
What is the greatest common factor of 379222 and 1016?
254
What is the greatest common divisor of 9804 and 60?
12
What is the greatest common divisor of 19141596 and 94?
94
Calculate the highest common factor of 4845 and 850.
85
What is the highest common divisor of 625 and 4685?
5
Calculate the highest common factor of 197820 and 9.
9
Calculate the highest common factor of 204690 and 60.
30
Calculate the highest common divisor of 4770152 and 32.
8
What is the highest common factor of 12 and 83796?
12
What is the greatest common divisor of 315 and 2185?
5
Calculate the highest common factor of 2168 and 368.
8
Calculate the highest common factor of 20 and 63250.
10
Calculate the greatest common divisor of 99 and 4797.
9
What is the highest common divisor of 714782 and 153?
17
Calculate the greatest common factor of 271 and 492136.
271
What is the highest common factor of 22327 and 1?
1
Calculate the greatest common factor of 114 and 344679.
57
Calculate the greatest common factor of 583725 and 543.
543
Calculate the highest common factor of 5661 and 4131.
153
What is the greatest common divisor of 202620 and 135?
15
Calculate the highest common factor of 339 and 3399153.
339
Calculate the highest common factor of 608707 and 11.
11
Calculate the greatest common factor of 1320 and 120.
120
What is the highest common divisor of 228 and 15238?
38
What is the highest common factor of 1932 and 5670?
42
What is the greatest common factor of 10010 and 950?
10
What is the greatest common divisor of 5461 and 18034?
127
What is the greatest common factor of 5022 and 573066?
558
What is the greatest common factor of 50176 and 2944?
128
What is the highest common divisor of 13185 and 1305?
45
Calculate the highest common divisor of 328 and 89996.
4
Calculate the greatest common factor of 8748 and 10944.
36
Calculate the highest common factor of 94328 and 520.
104
Calculate the greatest common factor of 866794 and 688.
86
What is the highest common factor of 14328510 and 10?
10
What is the greatest common factor of 33492 and 54?
6
Calculate the greatest common factor of 614 and 132317.
307
What is the highest common factor of 490360 and 8372?
1196
Calculate the greatest common factor of 44 and 63646.
22
What is the greatest common factor of 243859 and 22?
11
Calculate the greatest common factor of 28 and 80420.
4
Calculate the greatest common factor of 155230 and 110.
10
What is the highest common divisor of 20115 and 3427?
149
What is the greatest common factor of 91810 and 10?
10
Calculate the highest common factor of 52 and 87386.
26
Calculate the greatest common divisor of 1392 and 2320.
464
Calculate the greatest common factor of 117586 and 4144.
518
Calculate the greatest common factor of 9289 and 14.
7
Calculate the highest common divisor of 8912352 and 2752.
1376
What is the greatest common divisor of 28 and 81242?
14
What is the highest common factor of 1337 and 1582?
7
Calculate the highest common divisor of 67736 and 136.
8
Calculate the highest common factor of 282568 and 114.
38
What is the greatest common factor of 2155683 and 228?
57
Calculate the greatest common divisor of 73 and 5924461.
73
What is the highest common factor of 22090 and 2867?
47
Calculate the highest common factor of 266832 and 3944.
136
Calculate the greatest common divisor of 37095 and 115.
5
Calculate the highest common factor of 3768 and 30458.
314
Calculate the greatest common factor of 287140 and 460.
20
Calculate the greatest common factor of 17711 and 445.
89
What is the greatest common divisor of 207 and 108997?
23
Calculate the greatest common divisor of 36952 and 2.
2
Calculate the greatest common factor of 54524 and 860.
172
Calculate the greatest common factor of 88 and 36454.
22
What is the greatest common factor of 19133 and 4693?
361
What is the greatest common factor of 20 and 792665?
5
What is the greatest common divisor of 27145 and 178?
89
Calculate the highest common factor of 29788 and 143.
11
Calculate the greatest common factor of 35840 and 56.
56
What is the greatest common factor of 1194 and 68854?
398
Calculate the greatest common factor of 546 and 2688.
42
What is the greatest common factor of 95 and 33155?
95
What is the highest common divisor of 184325 and 202?
101
Calculate the highest common factor of 70584 and 38406.
1038
Calculate the greatest common divisor of 702 and 2050893.
351
What is the greatest common divisor of 1020 and 718590?
510
What is the greatest common divisor of 17984 and 10432?
64
What is the greatest common factor of 11609 and 94705?
611
Calculate the highest common divisor of 25 and 107450.
25
Calculate the highest common factor of 5220 and 1530.
90
What is the greatest common divisor of 4632 and 2895?
579
Calculate the highest common factor of 7094 and 12.
2
Calculate the highest common factor of 217125 and 25.
25
Calculate the highest common factor of 20164 and 36.
4
Calculate the greatest common divisor of 16900 and 910.
130
What is the highest common divisor of 4000 and 1625?
125
What is the highest common divisor of 1344 and 32088?
168
Calculate the greatest common factor of 267498 and 1232.
154
Calculate the highest common divisor of 6302 and 85762.
274
Calculate the highest common divisor of 38 and 156294.
38
Calculate the greatest common divisor of 16870 and 1330.
70
Calculate the greatest common factor of 31763 and 161.
23
What is the highest common factor of 2553 and 1472?
23
Calculate the highest common divisor of 395 and 199001.
79
What is the greatest common divisor of 22 and 1614173?
11
What is the greatest common divisor of 6944 and 23968?
224
What is the greatest common divisor of 20160 and 1064?
56
What is the greatest common factor of 15650 and 29422?
626
What is the greatest common factor of 354 and 1109